{"id":11,"date":"2020-03-05T05:52:53","date_gmt":"2020-03-05T05:52:53","guid":{"rendered":"http:\/\/hosting136008.a2f0c.netcup.net\/?page_id=11"},"modified":"2026-02-11T07:32:08","modified_gmt":"2026-02-11T06:32:08","slug":"news","status":"publish","type":"page","link":"http:\/\/www.flamenco-costacabral.de\/?page_id=11","title":{"rendered":"News"},"content":{"rendered":"\n<h2 class=\"wp-block-heading\">Neue Projekte<\/h2>\n\n\n\n<p>Ab M\u00e4rz 2026 neue Choreographien in beiden Gruppen, perfekt f\u00fcr Neu- EinsteigerInnen!<\/p>\n\n\n\n<p><\/p>\n\n\n\n<div class=\"wp-block-group\"><div class=\"wp-block-group__inner-container is-layout-flow wp-block-group-is-layout-flow\">\n<blockquote class=\"wp-block-quote is-layout-flow wp-block-quote-is-layout-flow\">\n<p>In dem Kurs am Dienstag werden wir ab M\u00e4rz einen neuen Tanz anfangen: Rumba flamenca: ein lustiger, fr\u00f6hlicher Tanz in 4\/4 Takt. Ich will mit euch in diesem Tanz, eure Lebendigkeit und Sinnlichkeit Ausdruck geben und vor allem viel Spa\u00df beim Gestalten dieses Palos haben. Dienstag 18.00 bis 19.30 in den R\u00e4umlichkeiten der TSV Reinbek.<\/p>\n<cite><strong>Freue mich auf dich!<\/strong><\/cite><\/blockquote>\n<\/div><\/div>\n\n\n\n<div class=\"wp-block-group\"><div class=\"wp-block-group__inner-container is-layout-flow wp-block-group-is-layout-flow\">\n<p>Am 20.2. schlie\u00dfen wir die Solea  mit einer kleinen Auff\u00fchrung ab. Mit Robert Franz an der Gitarre und Elva La Guardia als S\u00e4ngerin. Der Text des ersten Gesangs lautet: &#8220; Die Schritte, die ich im Leben mache, niemand anders w\u00fcrde sie wagen, ich tue es f\u00fcr meine Kinder, die noch im Leben schweben&#8220;- Auch dieses Flamencogedichte kann man verschieden interpretieren. Wir entscheiden uns f\u00fcr die Bedeutung, dass die \u00c4lteren die Verantwortung f\u00fcr die J\u00fcngeren \u00fcbernehmen sollen und wie ein Schutzschild vor den Kindern dieser Welt stehen m\u00fcssen, gerade in dieser Zeit der Kriegstreiber und Militarisierung. Um 19.30 fangen wir mit einer Probe und Training an, um 20.15 ist dann die Auff\u00fchrung. Es gibt nur wenig Zuschauerpl\u00e4tze, bitte vorher bei mir melden! <\/p>\n\n\n\n<p>Nach der Auff\u00fchrung, also ab 27.2. werden wir Sevillanas mit Acessoires wiederholen (F\u00e4cher, Hut, Manton oder Bata) Einsteigen f\u00fcr T\u00e4nzerInnen mit Sevillanas Kenntnissen m\u00f6glich! \ud83d\ude09<\/p>\n<\/div><\/div>\n\n\n\n<figure class=\"wp-block-image size-large\"><img loading=\"lazy\" decoding=\"async\" width=\"1024\" height=\"1024\" src=\"http:\/\/www.flamenco-costacabral.de\/wp-content\/uploads\/2024\/02\/page-1-1024x1024.jpg\" alt=\"\" class=\"wp-image-190\" srcset=\"http:\/\/www.flamenco-costacabral.de\/wp-content\/uploads\/2024\/02\/page-1-1024x1024.jpg 1024w, http:\/\/www.flamenco-costacabral.de\/wp-content\/uploads\/2024\/02\/page-1-300x300.jpg 300w, http:\/\/www.flamenco-costacabral.de\/wp-content\/uploads\/2024\/02\/page-1-150x150.jpg 150w, http:\/\/www.flamenco-costacabral.de\/wp-content\/uploads\/2024\/02\/page-1-768x768.jpg 768w, http:\/\/www.flamenco-costacabral.de\/wp-content\/uploads\/2024\/02\/page-1-1536x1536.jpg 1536w, http:\/\/www.flamenco-costacabral.de\/wp-content\/uploads\/2024\/02\/page-1.jpg 1600w\" sizes=\"auto, (max-width: 1024px) 100vw, 1024px\" \/><\/figure>\n\n\n\n<p><\/p>\n\n\n\n<p><\/p>\n","protected":false},"excerpt":{"rendered":"<p>Neue Projekte Ab M\u00e4rz 2026 neue Choreographien in beiden Gruppen, perfekt f\u00fcr Neu- EinsteigerInnen! In dem Kurs am Dienstag werden wir ab M\u00e4rz einen neuen Tanz anfangen: Rumba flamenca: ein lustiger, fr\u00f6hlicher Tanz in 4\/4 Takt. Ich will mit euch in diesem Tanz, eure Lebendigkeit und Sinnlichkeit Ausdruck geben und vor allem viel Spa\u00df beim [&hellip;]<\/p>\n","protected":false},"author":1,"featured_media":0,"parent":0,"menu_order":0,"comment_status":"closed","ping_status":"closed","template":"","meta":{"footnotes":""},"class_list":["post-11","page","type-page","status-publish","hentry"],"_links":{"self":[{"href":"http:\/\/www.flamenco-costacabral.de\/index.php?rest_route=\/wp\/v2\/pages\/11","targetHints":{"allow":["GET"]}}],"collection":[{"href":"http:\/\/www.flamenco-costacabral.de\/index.php?rest_route=\/wp\/v2\/pages"}],"about":[{"href":"http:\/\/www.flamenco-costacabral.de\/index.php?rest_route=\/wp\/v2\/types\/page"}],"author":[{"embeddable":true,"href":"http:\/\/www.flamenco-costacabral.de\/index.php?rest_route=\/wp\/v2\/users\/1"}],"replies":[{"embeddable":true,"href":"http:\/\/www.flamenco-costacabral.de\/index.php?rest_route=%2Fwp%2Fv2%2Fcomments&post=11"}],"version-history":[{"count":20,"href":"http:\/\/www.flamenco-costacabral.de\/index.php?rest_route=\/wp\/v2\/pages\/11\/revisions"}],"predecessor-version":[{"id":202,"href":"http:\/\/www.flamenco-costacabral.de\/index.php?rest_route=\/wp\/v2\/pages\/11\/revisions\/202"}],"wp:attachment":[{"href":"http:\/\/www.flamenco-costacabral.de\/index.php?rest_route=%2Fwp%2Fv2%2Fmedia&parent=11"}],"curies":[{"name":"wp","href":"https:\/\/api.w.org\/{rel}","templated":true}]}}

<h2 class="wp-block-heading">Neue Projekte</h2>



<p>Ab März 2026 neue Choreographien in beiden Gruppen, perfekt für Neu- EinsteigerInnen!</p>



<p></p>



<div class="wp-block-group"><div class="wp-block-group__inner-container is-layout-flow wp-block-group-is-layout-flow">
<blockquote class="wp-block-quote is-layout-flow wp-block-quote-is-layout-flow">
<p>In dem Kurs am Dienstag werden wir ab März einen neuen Tanz anfangen: Rumba flamenca: ein lustiger, fröhlicher Tanz in 4/4 Takt. Ich will mit euch in diesem Tanz, eure Lebendigkeit und Sinnlichkeit Ausdruck geben und vor allem viel Spaß beim Gestalten dieses Palos haben. Dienstag 18.00 bis 19.30 in den Räumlichkeiten der TSV Reinbek.</p>
<cite><strong>Freue mich auf dich!</strong></cite></blockquote>
</div></div>



<div class="wp-block-group"><div class="wp-block-group__inner-container is-layout-flow wp-block-group-is-layout-flow">
<p>Am 20.2. schließen wir die Solea  mit einer kleinen Aufführung ab. Mit Robert Franz an der Gitarre und Elva La Guardia als Sängerin. Der Text des ersten Gesangs lautet: &#8220; Die Schritte, die ich im Leben mache, niemand anders würde sie wagen, ich tue es für meine Kinder, die noch im Leben schweben&#8220;- Auch dieses Flamencogedichte kann man verschieden interpretieren. Wir entscheiden uns für die Bedeutung, dass die Älteren die Verantwortung für die Jüngeren übernehmen sollen und wie ein Schutzschild vor den Kindern dieser Welt stehen müssen, gerade in dieser Zeit der Kriegstreiber und Militarisierung. Um 19.30 fangen wir mit einer Probe und Training an, um 20.15 ist dann die Aufführung. Es gibt nur wenig Zuschauerplätze, bitte vorher bei mir melden! </p>



<p>Nach der Aufführung, also ab 27.2. werden wir Sevillanas mit Acessoires wiederholen (Fächer, Hut, Manton oder Bata) Einsteigen für TänzerInnen mit Sevillanas Kenntnissen möglich! 😉</p>
</div></div>



<figure class="wp-block-image size-large"><img loading="lazy" decoding="async" width="1024" height="1024" src="http://www.flamenco-costacabral.de/wp-content/uploads/2024/02/page-1-1024x1024.jpg" alt="" class="wp-image-190" srcset="http://www.flamenco-costacabral.de/wp-content/uploads/2024/02/page-1-1024x1024.jpg 1024w, http://www.flamenco-costacabral.de/wp-content/uploads/2024/02/page-1-300x300.jpg 300w, http://www.flamenco-costacabral.de/wp-content/uploads/2024/02/page-1-150x150.jpg 150w, http://www.flamenco-costacabral.de/wp-content/uploads/2024/02/page-1-768x768.jpg 768w, http://www.flamenco-costacabral.de/wp-content/uploads/2024/02/page-1-1536x1536.jpg 1536w, http://www.flamenco-costacabral.de/wp-content/uploads/2024/02/page-1.jpg 1600w" sizes="auto, (max-width: 1024px) 100vw, 1024px" /></figure>



<p></p>



<p></p>

<p>Neue Projekte Ab März 2026 neue Choreographien in beiden Gruppen, perfekt für Neu- EinsteigerInnen! In dem Kurs am Dienstag werden wir ab März einen neuen Tanz anfangen: Rumba flamenca: ein lustiger, fröhlicher Tanz in 4/4 Takt. Ich will mit euch in diesem Tanz, eure Lebendigkeit und Sinnlichkeit Ausdruck geben und vor allem viel Spaß beim [&hellip;]</p>
