{"id":158,"date":"2020-04-29T14:31:44","date_gmt":"2020-04-29T13:31:44","guid":{"rendered":"http:\/\/www.flamenco-costacabral.de\/?page_id=158"},"modified":"2020-05-03T06:35:43","modified_gmt":"2020-05-03T05:35:43","slug":"flamenco-2","status":"publish","type":"page","link":"http:\/\/www.flamenco-costacabral.de\/","title":{"rendered":"Flamenco"},"content":{"rendered":"\n<p><strong>Im Flamenco findet man den Weg, seine Seele zu zeigen und entdeckt die schier unendlichen M\u00f6glichkeiten der K\u00f6rpersprache im Tanz.<\/strong><\/p>\n\n\n\n<figure class=\"wp-block-image size-large is-resized\"><img loading=\"lazy\" decoding=\"async\" src=\"http:\/\/hosting136008.a2f0c.netcup.net\/wp-content\/uploads\/2020\/03\/IMG_4679_1-683x1024.jpg\" alt=\"\" class=\"wp-image-9\" width=\"441\" height=\"661\" srcset=\"http:\/\/www.flamenco-costacabral.de\/wp-content\/uploads\/2020\/03\/IMG_4679_1-683x1024.jpg 683w, http:\/\/www.flamenco-costacabral.de\/wp-content\/uploads\/2020\/03\/IMG_4679_1-200x300.jpg 200w, http:\/\/www.flamenco-costacabral.de\/wp-content\/uploads\/2020\/03\/IMG_4679_1-768x1152.jpg 768w, http:\/\/www.flamenco-costacabral.de\/wp-content\/uploads\/2020\/03\/IMG_4679_1-1024x1536.jpg 1024w, http:\/\/www.flamenco-costacabral.de\/wp-content\/uploads\/2020\/03\/IMG_4679_1-1365x2048.jpg 1365w, http:\/\/www.flamenco-costacabral.de\/wp-content\/uploads\/2020\/03\/IMG_4679_1-scaled.jpg 1707w\" sizes=\"auto, (max-width: 441px) 100vw, 441px\" \/><\/figure>\n\n\n\n<p>Flamenco ist der Gesang, die Musik und der Tanz der Gitanos aus Andalusien.<\/p>\n\n\n\n<p>Das Erlernen einer klaren Technik ist unabdingbar: F\u00fcr eine gute Haltung,<br>die Arm- und Handbewegungen sowie f\u00fcr eine genaue Rhythmusarbeit bei den Sapateados . Aber am Wichtigsten ist es, dass du dich mit der Musik verbindest, deine eigenen Gef\u00fchle entdeckst und Wege findest, sie auszudr\u00fccken. Jede Bewegung muss eine Absicht, einen Inhalt und eine Verbindung zu deiner Seele haben. Nur so wird der Tanz lebendig und kann nicht nur dich selbst, sondern auch die Zuschauer ber\u00fchren.<\/p>\n\n\n\n<p>Seit fast 30 Jahren tanze ich Flamenco. Ich habe bei spanischen und deutschen Lehrern gelernt und bilde mich st\u00e4ndig fort und habe eine gro\u00dfe B\u00fchnenerfahrung (im Bremer Theater, L\u00fcbecker Theater und unz\u00e4hlige kleineren B\u00fchnen). Seit 1998 habe ich 17 Tanzshows selber gestaltet und \/oder daran mitgewirkt. Mit Ragna Williams waren es Tanzshows mit ca. 200 Mitwirkenden auf der B\u00fchne des Sachsenwald-Forums in Reinbek (siehe Galerie ). Urspr\u00fcnglich komme ich vom klassischen Ballett. Seit meiner Kindheit habe ich Ballettunterricht genommen und sp\u00e4ter den Abschluss der &#8222;Ceccetti-Method&#8220; bei der &#8222;Imperial Society of Teachers of Dancing&#8220; erlangt. Ich liebe es zu choreografieren und T\u00e4nzerinnen in ihrer Entwicklung zu coachen, ob im Flamenco, im klassischen oder modernen Ballett.<\/p>\n","protected":false},"excerpt":{"rendered":"<p>Im Flamenco findet man den Weg, seine Seele zu zeigen und entdeckt die schier unendlichen M\u00f6glichkeiten der K\u00f6rpersprache im Tanz. Flamenco ist der Gesang, die Musik und der Tanz der Gitanos aus Andalusien. Das Erlernen einer klaren Technik ist unabdingbar: F\u00fcr eine gute Haltung,die Arm- und Handbewegungen sowie f\u00fcr eine genaue Rhythmusarbeit bei den Sapateados [&hellip;]<\/p>\n","protected":false},"author":1,"featured_media":0,"parent":0,"menu_order":0,"comment_status":"closed","ping_status":"closed","template":"","meta":{"footnotes":""},"class_list":["post-158","page","type-page","status-publish","hentry"],"_links":{"self":[{"href":"http:\/\/www.flamenco-costacabral.de\/index.php?rest_route=\/wp\/v2\/pages\/158","targetHints":{"allow":["GET"]}}],"collection":[{"href":"http:\/\/www.flamenco-costacabral.de\/index.php?rest_route=\/wp\/v2\/pages"}],"about":[{"href":"http:\/\/www.flamenco-costacabral.de\/index.php?rest_route=\/wp\/v2\/types\/page"}],"author":[{"embeddable":true,"href":"http:\/\/www.flamenco-costacabral.de\/index.php?rest_route=\/wp\/v2\/users\/1"}],"replies":[{"embeddable":true,"href":"http:\/\/www.flamenco-costacabral.de\/index.php?rest_route=%2Fwp%2Fv2%2Fcomments&post=158"}],"version-history":[{"count":4,"href":"http:\/\/www.flamenco-costacabral.de\/index.php?rest_route=\/wp\/v2\/pages\/158\/revisions"}],"predecessor-version":[{"id":168,"href":"http:\/\/www.flamenco-costacabral.de\/index.php?rest_route=\/wp\/v2\/pages\/158\/revisions\/168"}],"wp:attachment":[{"href":"http:\/\/www.flamenco-costacabral.de\/index.php?rest_route=%2Fwp%2Fv2%2Fmedia&parent=158"}],"curies":[{"name":"wp","href":"https:\/\/api.w.org\/{rel}","templated":true}]}}

<p><strong>Im Flamenco findet man den Weg, seine Seele zu zeigen und entdeckt die schier unendlichen Möglichkeiten der Körpersprache im Tanz.</strong></p>



<figure class="wp-block-image size-large is-resized"><img loading="lazy" decoding="async" src="http://hosting136008.a2f0c.netcup.net/wp-content/uploads/2020/03/IMG_4679_1-683x1024.jpg" alt="" class="wp-image-9" width="441" height="661" srcset="http://www.flamenco-costacabral.de/wp-content/uploads/2020/03/IMG_4679_1-683x1024.jpg 683w, http://www.flamenco-costacabral.de/wp-content/uploads/2020/03/IMG_4679_1-200x300.jpg 200w, http://www.flamenco-costacabral.de/wp-content/uploads/2020/03/IMG_4679_1-768x1152.jpg 768w, http://www.flamenco-costacabral.de/wp-content/uploads/2020/03/IMG_4679_1-1024x1536.jpg 1024w, http://www.flamenco-costacabral.de/wp-content/uploads/2020/03/IMG_4679_1-1365x2048.jpg 1365w, http://www.flamenco-costacabral.de/wp-content/uploads/2020/03/IMG_4679_1-scaled.jpg 1707w" sizes="auto, (max-width: 441px) 100vw, 441px" /></figure>



<p>Flamenco ist der Gesang, die Musik und der Tanz der Gitanos aus Andalusien.</p>



<p>Das Erlernen einer klaren Technik ist unabdingbar: Für eine gute Haltung,<br>die Arm- und Handbewegungen sowie für eine genaue Rhythmusarbeit bei den Sapateados . Aber am Wichtigsten ist es, dass du dich mit der Musik verbindest, deine eigenen Gefühle entdeckst und Wege findest, sie auszudrücken. Jede Bewegung muss eine Absicht, einen Inhalt und eine Verbindung zu deiner Seele haben. Nur so wird der Tanz lebendig und kann nicht nur dich selbst, sondern auch die Zuschauer berühren.</p>



<p>Seit fast 30 Jahren tanze ich Flamenco. Ich habe bei spanischen und deutschen Lehrern gelernt und bilde mich ständig fort und habe eine große Bühnenerfahrung (im Bremer Theater, Lübecker Theater und unzählige kleineren Bühnen). Seit 1998 habe ich 17 Tanzshows selber gestaltet und /oder daran mitgewirkt. Mit Ragna Williams waren es Tanzshows mit ca. 200 Mitwirkenden auf der Bühne des Sachsenwald-Forums in Reinbek (siehe Galerie ). Ursprünglich komme ich vom klassischen Ballett. Seit meiner Kindheit habe ich Ballettunterricht genommen und später den Abschluss der &#8222;Ceccetti-Method&#8220; bei der &#8222;Imperial Society of Teachers of Dancing&#8220; erlangt. Ich liebe es zu choreografieren und Tänzerinnen in ihrer Entwicklung zu coachen, ob im Flamenco, im klassischen oder modernen Ballett.</p>

<p>Im Flamenco findet man den Weg, seine Seele zu zeigen und entdeckt die schier unendlichen Möglichkeiten der Körpersprache im Tanz. Flamenco ist der Gesang, die Musik und der Tanz der Gitanos aus Andalusien. Das Erlernen einer klaren Technik ist unabdingbar: Für eine gute Haltung,die Arm- und Handbewegungen sowie für eine genaue Rhythmusarbeit bei den Sapateados [&hellip;]</p>
